s the remainder when 102509 is divided by 9261?
638
What is the remainder when 285264 is divided by 40723?
203
Calculate the remainder when 197887 is divided by 174.
49
What is the remainder when 4703676 is divided by 5807?
6
What is the remainder when 748520 is divided by 3063?
1148
What is the remainder when 25939440 is divided by 130?
20
Calculate the remainder when 11549286 is divided by 82.
78
What is the remainder when 132354 is divided by 1490?
1234
What is the remainder when 4195354 is divided by 7492?
7326
Calculate the remainder when 241245 is divided by 49.
18
What is the remainder when 189598 is divided by 189589?
9
What is the remainder when 598217 is divided by 37385?
57
Calculate the remainder when 93917 is divided by 4918.
475
What is the remainder when 975918 is divided by 61?
40
What is the remainder when 812358 is divided by 270732?
162
What is the remainder when 301673 is divided by 27415?
108
What is the remainder when 22959385 is divided by 12245?
10
Calculate the remainder when 318513 is divided by 433.
258
What is the remainder when 112669 is divided by 10128?
1261
Calculate the remainder when 148041 is divided by 4.
1
Calculate the remainder when 789588 is divided by 157902.
78
Calculate the remainder when 322923 is divided by 744.
27
Calculate the remainder when 2098271 is divided by 882.
875
Calculate the remainder when 1002613329 is divided by 79.
76
What is the remainder when 520706 is divided by 36?
2
What is the remainder when 2471183 is divided by 1779?
152
What is the remainder when 18642134 is divided by 15445?
19
Calculate the remainder when 44036 is divided by 3907.
1059
What is the remainder when 35259 is divided by 16838?
1583
What is the remainder when 42791 is divided by 13?
8
Calculate the remainder when 1510255 is divided by 1824.
1807
Calculate the remainder when 568351663 is divided by 315.
313
What is the remainder when 961485 is divided by 2084?
761
What is the remainder when 330593 is divided by 82635?
53
Calculate the remainder when 26226196 is divided by 213221.
13
Calculate the remainder when 136344 is divided by 401.
4
What is the remainder when 25042582 is divided by 8429?
23
Calculate the remainder when 325554 is divided by 907.
848
Calculate the remainder when 183610 is divided by 6797.
91
Calculate the remainder when 19173 is divided by 107.
20
What is the remainder when 283419407 is divided by 349?
346
Calculate the remainder when 132360970 is divided by 116.
98
Calculate the remainder when 3304263 is divided by 774.
57
What is the remainder when 147236 is divided by 11250?
986
Calculate the remainder when 2505350 is divided by 1716.
1706
Calculate the remainder when 1383321 is divided by 72806.
7
Calculate the remainder when 278664 is divided by 1206.
78
What is the remainder when 839635 is divided by 1870?
5
Calculate the remainder when 110271412 is divided by 413.
412
What is the remainder when 12179921 is divided by 706?
9
Calculate the remainder when 781562 is divided by 260464.
170
What is the remainder when 75775 is divided by 174?
85
Calculate the remainder when 15215217 is divided by 23.
4
What is the remainder when 127900 is divided by 1390?
20
Calculate the remainder when 10560787 is divided by 107.
101
Calculate the remainder when 231852 is divided by 1630.
392
Calculate the remainder when 18534 is divided by 9153.
228
Calculate the remainder when 108024 is divided by 35627.
1143
Calculate the remainder when 11840200 is divided by 604.
592
What is the remainder when 27591 is divided by 562?
53
Calculate the remainder when 9982739 is divided by 911.
1
What is the remainder when 707281 is divided by 842?
1
What is the remainder when 1654695 is divided by 1058?
1041
What is the remainder when 560551 is divided by 33?
13
Calculate the remainder when 1397169 is divided by 93140.
69
Calculate the remainder when 542784 is divided by 35.
4
What is the remainder when 120450 is divided by 29867?
982
What is the remainder when 94388 is divided by 3045?
3038
What is the remainder when 253092 is divided by 50607?
57
What is the remainder when 8894251 is divided by 329416?
19
What is the remainder when 2521231 is divided by 1477?
1469
What is the remainder when 1818634 is divided by 10512?
58
Calculate the remainder when 36167204 is divided by 9041776.
100
Calculate the remainder when 419689 is divided by 59946.
67
Calculate the remainder when 3348028 is divided by 544.
252
What is the remainder when 49528 is divided by 42516?
7012
What is the remainder when 5604270 is divided by 1401064?
14
What is the remainder when 6151218 is divided by 10?
8
What is the remainder when 1055899 is divided by 351759?
622
Calculate the remainder when 66477071 is divided by 9.
2
What is the remainder when 48890 is divided by 3490?
30
What is the remainder when 106701 is divided by 13336?
13
What is the remainder when 10693092 is divided by 96?
36
Calculate the remainder when 2221659 is divided by 391.
388
What is the remainder when 4747517 is divided by 20822?
101
Calculate the remainder when 1545745 is divided by 61.
5
Calculate the remainder when 2723680 is divided by 268.
264
Calculate the remainder when 542600 is divided by 3732.
1460
What is the remainder when 679617 is divided by 7636?
13
What is the remainder when 9639003 is divided by 65?
23
Calculate the remainder when 1103343 is divided by 7770.
3
What is the remainder when 18123 is divided by 1958?
501
Calculate the remainder when 52611310 is divided by 723.
46
Calculate the remainder when 3191842 is divided by 216.
10
Calculate the remainder when 230518 is divided by 2292.
1318
What is the remainder when 423492081 is divided by 148?
145
Calculate the remainder when 171119 is divided by 856.
775
Calculate the remainder when 5233433 is divided by 240.
233
What is the remainder when 10961753 is divided by 1805?
1793
What is the remainder when 17964 is divided by 428?
416
What is the remainder when 8979209 is divided by 29?
26
What is the remainder when 69221 is divided by 33428?
2365
Calculate the remainder when 24162 is divided by 23431.
731
Calculate the remainder when 199588 is divided by 196843.
2745
What is the remainder when 382966 is divided by 1473?
1459
What is the remainder when 50360572 is divided by 1253?
1249
What is the remainder when 157961 is divided by 49?
34
Calculate the remainder when 2735927 is divided by 1367897.
133
Calculate the remainder when 478566 is divided by 9935.
1686
Calculate the remainder when 659118 is divided by 220.
218
What is the remainder when 191249 is divided by 28?
9
Calculate the remainder when 32464667 is divided by 62.
41
Calculate the remainder when 312903 is divided by 14197.
569
Calculate the remainder when 32552981 is divided by 378.
377
What is the remainder when 4050541 is divided by 6925?
6341
What is the remainder when 238846 is divided by 96?
94
Calculate the remainder when 45860051 is divided by 60.
11
Calculate the remainder when 85152 is divided by 40952.
3248
What is the remainder when 140718 is divided by 70323?
72
What is the remainder when 80202049 is divided by 40100981?
87
Calculate the remainder when 10779456 is divided by 5266.
5220
Calculate the remainder when 12444 is divided by 2463.
129
Calculate the remainder when 28009187 is divided by 2251.
2245
What is the remainder when 82255028 is divided by 2653388?
0
Calculate the remainder when 8654609 is divided by 1081823.
25
Calculate the remainder when 90984727 is divided by 42.
1
Calculate the remainder when 43203 is divided by 4277.
433
Calculate the remainder when 25431 is divided by 84.
63
What is the remainder when 992936 is divided by 141331?
3619
What is the remainder when 1516239 is divided by 756185?
3869
Calculate the remainder when 12081854 is divided by 43.
15
Calculate the remainder when 86060111 is divided by 27.
14
Calculate the remainder when 29146769 is divided by 142.
133
What is the remainder when 25748 is divided by 8450?
398
Calculate the remainder when 7554798 is divided by 173.
61
What is the remainder when 61867 is divided by 4510?
3237
Calculate the remainder when 157256 is divided by 38972.
1368
Calculate the remainder when 104888037 is divided by 27.
3
What is the remainder when 134196 is divided by 698